q(o) = -6*o + 20. Let d be q(8). Let m = 52 + d. Suppose j + 4 = 8. What is the highest common divisor of j and m?
4
Let i be -8*(0 - -1)*-1. Suppose -i*f + f = -238. Calculate the greatest common factor of f and 17.
17
Let x be ((-1176)/735)/(1/(-5)). What is the greatest common factor of x and 68?
4
Suppose -11*r + 15*r + 2*w - 536 = 0, -276 = -2*r + 3*w. What is the greatest common factor of 150 and r?
15
Let u(i) = -i**3 - 14*i**2 + 82*i + 32. Let m be u(-19). Calculate the highest common factor of 124 and m.
31
Let a = -1094 - -1115. Suppose 0*u + 3*u - 441 = 0. Calculate the highest common divisor of u and a.
21
Let i = -208 + 448. Calculate the greatest common divisor of i and 10.
10
Let k(m) = -2*m - 13. Let h be k(-9). Let r be (-4)/((-4)/3) + 1. Suppose r*b + l = 97, -h*b + l = -37 - 91. Calculate the greatest common divisor of b and 25.
25
Let r be 222/9 - 12/18. Let t(w) = 2*w**2 + 4*w + 4. Let x be t(5). Let a = 110 - x. Calculate the greatest common factor of a and r.
12
Suppose 0*f - 8 = -f. Let a be (8/5)/(f/100). Let l = -235 + 265. Calculate the greatest common divisor of a and l.
10
Suppose 0*v + 4*v - 5*u = -11, 5*v + 4*u = 17. Let p(n) = 7*n - 2. Let y be p(v). Let k = -19 - -20. What is the highest common factor of y and k?
1
Let f = -4 + 10. Suppose f*l = l. Suppose -c - 57 = -3*u - 4*c, -2*u + 4*c + 32 = l. What is the greatest common factor of 2 and u?
2
Suppose 2*o - 10 = 0, 2*o + 14 = -j + 3*j. Let u be (-9)/j*56/(-21). What is the greatest common divisor of u and 8?
2
Let y = -326 + 416. Calculate the greatest common factor of 50 and y.
10
Let l = -1800 + 1836. Calculate the greatest common divisor of l and 1368.
36
Let v = 266 + -195. What is the highest common divisor of v and 1207?
71
Suppose -2*u - 60 = -5*u. Suppose 5*h - u = 130. Suppose -17112*q - 102 = -17129*q. What is the greatest common factor of h and q?
6
Suppose 0 = -13*v - 1525 + 8103. What is the greatest common divisor of v and 22?
22
Suppose 28 = p - 0*p. Suppose 5*v - 52 = -32. What is the greatest common divisor of p and v?
4
Let t(q) = 4*q + 314. Let m be t(-18). What is the highest common factor of 396 and m?
22
Let v(b) = -2*b**3 - 6*b**2 + 2*b + 2. Let i be v(-5). Suppose 2*k + 0*c = -5*c + 440, 3*k = -2*c + 682. Calculate the greatest common factor of i and k.
46
Let s = -18 + 39. Let o = 18770 - 18742. What is the highest common factor of s and o?
7
Let m(j) = j - 15. Let d be m(7). Let o be (-54)/d + 3/12. Suppose k - 51 = -5*z, z + 105 = 4*k - 120. Calculate the greatest common divisor of o and k.
7
Let y be 28 - (-1 + 1)/2. Suppose -l + 5*a - 4*a = 3, -5 = 5*a. Let f be l - (-2 + -2) - -42. Calculate the highest common factor of f and y.
14
Let a be 104/26*(-46)/(-4). Let o be a/2 + (1 - 0). What is the greatest common divisor of o and 32?
8
Suppose 3*r = 5*d - 19, -d - 2*r = -3*d + 6. Let z be 1/(-5) - (-4)/20. Suppose -d*v = z, -m - 2*m - 5*v = -360. What is the highest common divisor of m and 15?
15
Let m(a) = -a**3 + 4*a**2 + 9*a + 7. Let f be m(5). Let v = 123 + -96. Calculate the greatest common divisor of v and f.
27
Let h(g) = 3*g + 136. Let i be h(24). Let u = 10 + 6. What is the greatest common divisor of i and u?
16
Suppose -8 = 2*j, -3*p + 9224 = p - 2*j. Calculate the greatest common divisor of p and 72.
72
Suppose n + 4 = -n. Suppose 3*c - 4*c + 5*c = 0. Let f be 18 + (8/n - c). What is the highest common factor of 14 and f?
14
Let p be 1/((-6)/(-20))*3. Suppose -2*v = 5*d - 20, d = -4*d + 4*v - 10. Let m be (0 + d)/((-12)/(-540)). What is the highest common divisor of m and p?
10
Suppose -w + 3*o + 0*o - 235 = 0, -4*w - 3*o = 970. Let s = w - -366. What is the highest common divisor of s and 5?
5
Let f be (3/9)/((-13109)/2622 + 5). What is the greatest common factor of 23 and f?
23
Suppose -23*l = -70 - 298. What is the highest common factor of l and 32?
16
Let u = 9 - 3. Let s(n) = 2*n - 9. Let d be s(6). Suppose p - 4 = -4*v + 20, -d*v = -9. What is the greatest common factor of u and p?
6
Let s = -57 - -59. Let t be -14*12/(-8)*s. What is the highest common factor of 105 and t?
21
Suppose -44 - 151 = -3*y - 3*v, 0 = -3*v + 9. Let f = y - 48. Calculate the greatest common divisor of 2 and f.
2
Let w = 465 - 450. Calculate the greatest common factor of w and 3345.
15
Let k(d) = 13*d**2 + d. Suppose 3*h - 3 = -6. Let w be k(h). Calculate the greatest common divisor of w and 60.
12
Let u = -162 - -212. Calculate the greatest common factor of 10 and u.
10
Let i(o) = 5*o**2 + 4*o - 6. Let m be i(-6). Let d be 13 + -2 - (-20)/5. What is the highest common divisor of m and d?
15
Let d = 627 - 1611. Let u be d/(-14) - (-2)/(-7). Let t = -8050 - -8078. Calculate the highest common factor of u and t.
14
Suppose 265 = 4*b + 3*q - 286, 3*q + 521 = 4*b. Calculate the highest common divisor of b and 335.
67
Suppose 0 = -2*k + 12 - 0. Suppose 2*t + t = -k. Let u be (-3)/t + (-321)/(-6). Calculate the highest common factor of 11 and u.
11
Let m = 71 - 75. Let o be (-1272)/(-156) - m/(-26). What is the greatest common divisor of 8 and o?
8
Suppose -4*v = -5*v - 20. Let s be (-3 - -2)/2*v. Suppose 0 = -6*d + 263 - 83. Calculate the highest common divisor of s and d.
10
Let x = -1747 - -1756. What is the highest common divisor of 9 and x?
9
Suppose 0 = -d + 4, -3*p + 2*d - 30 = -97. What is the highest common divisor of p and 1250?
25
Let t(v) = -v**3 + 46*v**2 + 8*v - 16. Let g be t(46). What is the greatest common factor of g and 128?
32
Suppose w + 16 = 5*w. Let t = -1072 + 1100. Calculate the greatest common factor of w and t.
4
Suppose 0 = -4*y - 4*r + 4 + 136, 5*r = -3*y + 105. What is the greatest common divisor of 56 and y?
7
Let o = 139 - 94. Let l(y) be the first derivative of 7*y**3/3 - 5*y**2/2 + 34. Let z be l(2). Calculate the highest common divisor of z and o.
9
Let h(n) = 42*n**2 - n - 10. Let k be h(2). Calculate the greatest common factor of k and 12.
12
Let l be (2/(-4))/((-2)/60). Suppose -3*h + 147 = -l. Calculate the highest common divisor of h and 36.
18
Let d(v) = -v**3 + 7*v**2 - 8*v + 21. Let q(j) = -j**3 + j**2 + 5*j + 4. Let t be q(-2). Let h be d(t). Calculate the greatest common factor of 6 and h.
3
Suppose -5*g = j - 615, -2*g - 2*g = -3*j + 1769. Calculate the greatest common factor of 102 and j.
17
Suppose -4*h + 455 = 15*c - 18*c, -450 = -4*h + 2*c. Let z = 2 + 3. Suppose -h = -z*y + 55. Calculate the greatest common factor of y and 22.
11
Let w be 6/(-8) - 33/(-12). Suppose -v - w*v - 3*c + 27 = 0, v - 4*c = 9. What is the highest common divisor of v and 1?
1
Let w = -51 - -96. Let j be 2*(-1)/5 - (-54)/10. What is the greatest common factor of j and w?
5
Let g be 4/18 + (-4000)/(-144). Suppose -89 = -k - 5. What is the highest common factor of k and g?
28
Let y(b) = -96*b + 8. Let g be y(-1). What is the highest common factor of g and 40?
8
Let z = 2742 - 2597. Let r(c) = c**2 + c + 2. Let v be r(7). Calculate the greatest common factor of v and z.
29
Suppose 0 = -4*l + 8, t + 5*l - 12 - 15 = 0. Let o = -163 + 180. Calculate the highest common divisor of t and o.
17
Let d(u) = -98*u**2 + u - 2. Let b be d(1). Let k = b - -141. Let w(j) = -3*j - 1. Let i be w(-5). Calculate the greatest common factor of k and i.
14
Suppose 3*t - 3*c - 81 = 0, -5*t - 5*c + 76 = -69. What is the greatest common divisor of t and 1288?
28
Let v be 4 + (26 + 6 - 3). What is the greatest common divisor of v and 99?
33
Suppose -2*h + 19 = -25. Suppose 0 = 4*s + h - 38. Suppose 0 = -2*l + 3*d + 3, 0 = -l + d - s*d + 24. What is the highest common factor of 18 and l?
9
Suppose 3*y = -5*y + 192. Suppose 15 = -2*m + 47. Calculate the highest common divisor of m and y.
8
Let c(y) = -13*y - 16. Let z be c(-6). Suppose -8 + z = 6*u. What is the highest common divisor of 9 and u?
9
Let h = 2 + 11. Let q(s) = -s**3 + 12*s**2 + 16*s + 16. Let t be q(h). Let i be t - 1/(-2 + 3). Calculate the greatest common divisor of 18 and i.
18
Suppose -2*o + 540 = 3*s + s, s - 5*o = 135. Suppose 0 = 6*j - j + s. Let p = -10 - j. Calculate the greatest common factor of p and 85.
17
Suppose 4*x + 2*k = -140, 5*x + 2*k + 178 = k. Let h = 42 + x. Calculate the greatest common divisor of 48 and h.
6
Let f(a) = 10*a**2 + 211*a + 31. Let t be f(-21). Ca